tor of 10 and k?
10
Let y = 41 - 34. Calculate the highest common divisor of 1 and y.
1
Let m = -141 - -197. What is the greatest common divisor of 7 and m?
7
Let p = -8 + 6. Let i be (-415)/(-45) + p/9. What is the highest common factor of 36 and i?
9
Let c(p) = -p**2 - 5*p - 3. Let r be c(-4). Let t be (0 - 1)/(r/(-3)). Suppose t = -5*d - 17, -5*b + 213 = 3*d. Calculate the highest common factor of b and 18.
9
Let z be (-6 - 185/(-20))*12/1. What is the greatest common divisor of z and 52?
13
Let c(k) = k - 3*k + 4*k + 3 - k. Let q be c(-2). Let m = -2 - -3. Calculate the highest common factor of m and q.
1
Suppose 4*w + 6 = -2*q - 0, 4*q = -w + 16. Let j(a) = a**3 + 5*a**2. Let r be j(w). What is the greatest common divisor of r and 64?
16
Let l(c) = 13*c + 1. Let m be l(1). Suppose -v + m = v. What is the greatest common factor of v and 21?
7
Let k = 130 - 82. Calculate the highest common divisor of k and 12.
12
Let u = -8 + 8. Suppose 4*r - 4*v - 8 = -u*r, 2*r = -3*v + 19. Suppose x - 132 = -3*j, r*x - 5*j = 29 + 631. What is the greatest common divisor of x and 12?
12
Suppose -i + 5*o - 191 = 0, 2*o + 2*o - 358 = 2*i. Let q be 6/(-24) + i/(-12). What is the highest common divisor of 14 and q?
14
Let y(j) = -j**3 + 8*j**2 - 3*j - 2. Let b = -12 - -17. Let z = b - -1. Let h be y(z). What is the highest common factor of 13 and h?
13
Suppose -28*z - 15 = -31*z. What is the highest common factor of 15 and z?
5
Let y = 1 - -40. What is the highest common divisor of y and 164?
41
Suppose 2*n = -2*y - n - 3, 5 = 5*y + 5*n. Let t be (y/(-9))/((-1)/21). Calculate the highest common factor of 7 and t.
7
Suppose v + 3 - 6 = 0. Let y(b) = 9*b**3 - 2*b**2 + 3*b - 1. Let s be y(1). What is the highest common divisor of v and s?
3
Let o(t) = 27*t**2 + 2*t - 1. Let v be o(1). Suppose -4*p + 227 = 3*w - 0*w, -2*w - 278 = -5*p. What is the greatest common factor of p and v?
28
Suppose -3*r - 2*r = -25. Let q(n) = -n**3 - 15*n**2 + 15*n - 1. Let p be q(-16). Calculate the greatest common factor of r and p.
5
Suppose -18 = 3*j - 6*j. Suppose 0*s + 12 = -2*s + 4*b, 5*s = -2*b + j. Suppose -5*i - 23 + 83 = s. What is the highest common divisor of 3 and i?
3
Suppose c + o = -o + 17, 0 = o + 2. Suppose -5*y + 20 = 0, -3*y + 179 + 274 = 3*l. What is the highest common factor of l and c?
21
Let x be 42/10 + 4/(-20). Suppose h - x*n = 131, 2*h = -3*h + n + 750. Let q = h + -102. Calculate the highest common divisor of q and 7.
7
Let j = -26 - -46. Suppose -55 = -g + 5*z, -5 = 5*z - 0. Suppose -g = -0*c - c. What is the highest common divisor of c and j?
10
Let d be (3/5)/((-4)/(-20)). Suppose 105 = -0*h + d*h. Suppose -2*j + 28 = 2*j + 5*i, -5*j + 5*i + h = 0. What is the highest common divisor of j and 1?
1
Suppose 3 = x + 5*n, x + 4*n + 6 = 8*n. Let o be (-1 - (2 + 1))/x. What is the greatest common factor of 1 and o?
1
Suppose 5*g + 8 = 3*g. Suppose 11 = 3*x + 5. Let q be 0 + g/x - -38. Calculate the greatest common factor of 24 and q.
12
Let m = 90 - 42. Let y be 24/(2/((-12)/(-9))). Suppose d = -d + y. Calculate the greatest common factor of d and m.
8
Let v(b) = -b**3 + 5*b**2 - 2*b - 1. Let u be v(3). What is the greatest common divisor of 11 and u?
11
Let q(c) = -c - 1. Let k be q(-1). Suppose t = 5*g - k*t - 335, -g - 3*t = -51. Calculate the highest common factor of 6 and g.
6
Let u be ((-9)/(-27) + 46/6)*1. What is the greatest common divisor of 16 and u?
8
Suppose -10 = 4*m - 50. Let r = -6 + 10. Suppose -328 + 8 = -r*h. What is the greatest common factor of h and m?
10
Suppose 5*t = m + 18, 5*t - 3*m - 7 = 7. Suppose -t*r = -20, 0*r - 130 = -z - 5*r. What is the greatest common factor of 21 and z?
21
Suppose 0 = 3*c + 2 - 8. Let i = 3 - c. What is the highest common factor of 11 and i?
1
Let h be (5*4/10 - -14) + -1. Calculate the highest common divisor of 165 and h.
15
Let y(f) be the second derivative of f**4/6 - 7*f**3/6 + 5*f**2/2 - 3*f. Let v be y(5). What is the highest common divisor of 80 and v?
20
Let d(r) = 6*r + 5*r**2 - 3 - 4*r + 0*r**2. Let x be d(-5). Suppose 53 = 5*y - 27. Calculate the highest common factor of x and y.
16
Let q be (-2)/7 + (-984)/(-14). Let r be (-12)/4 + 12/2. Suppose 4*o = r*o + 28. Calculate the greatest common divisor of q and o.
14
Let o(y) = -y**3 + y**2. Let s be o(-2). Let g = -4 - -3. Let f be 3 + (-57)/g + 0. Calculate the highest common factor of f and s.
12
Suppose 5 = 6*h - 5*h. Let u = -11 + 41. Calculate the highest common divisor of h and u.
5
Let y = 8 + 8. Calculate the greatest common divisor of 48 and y.
16
Let w be ((-3)/(-6))/((-1)/(-6)). Suppose 1 = n - w. What is the greatest common divisor of n and 12?
4
Let y = -89 - -143. Suppose 0 = -0*b + 2*b - 4. Let v(j) = 2*j**3 + j. Let x be v(b). Calculate the highest common factor of x and y.
18
Let k(m) = m**3 + 14*m**2 + 14*m + 16. Let p be k(-13). Suppose 3*f + 97 = 4*n, -94 = -p*n - n + 2*f. What is the highest common factor of 11 and n?
11
Let d = -22 + 72. Let y = d - 27. What is the greatest common divisor of y and 92?
23
Suppose 4*h - h + 4*i = 0, 0 = -4*h + 4*i. Suppose 0 = 2*w - h*w. Suppose w = 4*c + 19 - 107. What is the greatest common divisor of 11 and c?
11
Suppose 0 = 2*z + 2*z - 24. Suppose 0 + z = 2*u. Calculate the highest common factor of u and 15.
3
Suppose -4*i + 2*i = -40. Let b(c) = c + 180. Let p be b(0). What is the greatest common factor of p and i?
20
Suppose -2*c + 24 = -0. Let v be -1*c*(-40)/12. Calculate the highest common divisor of v and 10.
10
Let a(i) = i**2 + 10*i + 1. Let o be a(-10). Suppose -5*z - 5 = -4*l - o, l - 1 = 0. Suppose 0 = -3*q + 30 - z. Calculate the greatest common factor of q and 4.
2
Let m = 136 + -68. What is the highest common factor of m and 34?
34
Let z(q) be the second derivative of -1/6*q**3 + 13/2*q**2 + 3*q + 0. Let w be z(9). What is the highest common divisor of 28 and w?
4
Let q(n) = 11*n**2 - 2*n - 7. Let f be q(5). Let o(d) = d + 4. Let r be o(0). Suppose f = r*j - 138. Calculate the greatest common divisor of j and 11.
11
Let w(a) = 2*a**3 - 6*a**2 + 3*a - 5. Let o be w(5). What is the highest common factor of 10 and o?
10
Let l be 15/(-6)*2*-3. Let u = l - 7. What is the highest common factor of 20 and u?
4
Let p(o) = o**2 - 9*o + 10. Let r be p(7). Let b = 18 + r. What is the greatest common divisor of 42 and b?
14
Let n(m) = 40*m + 26. Let q be n(6). Calculate the highest common divisor of q and 38.
38
Let b(q) = q**3 - 3*q**2 - 5*q - 3. Let a be b(4). Let k be (-2)/7 - 240/a. Let d = 70 - k. What is the highest common factor of 4 and d?
4
Let n be (-202)/(-18) + 4/(-18). Let o(m) = m + 6. Let x = 8 - 13. Let s be o(x). Calculate the greatest common divisor of s and n.
1
Let k = 37 + -31. Calculate the highest common factor of k and 3.
3
Let n(a) = 0*a - 4*a + 2*a. Let c be n(-6). Let s = 54 - 24. What is the highest common divisor of s and c?
6
Let l = 202 + -192. Let z(n) = 14*n**3 + 2*n**2 - n. Let s be z(1). Calculate the greatest common divisor of s and l.
5
Let l be 18/(-12)*(-27 - 1). Calculate the greatest common factor of l and 14.
14
Let t(d) = -4*d**3 + 1. Suppose 0 = 4*o - 16, 20 = -2*p + 3*o + o. Let h be t(p). Calculate the highest common factor of 22 and h.
11
Suppose 2*b - 6 = -28. Let d = -7 - b. Suppose -295 = -5*t + d*q, -2*t - 3*q = -4*q - 115. What is the highest common factor of t and 22?
11
Suppose 0 = -5*p, q + 3 = 2*p + 8. Suppose 191 = 5*w - 4*z, z - 43 = -w + 3*z. What is the greatest common divisor of q and w?
5
Let g(r) = 4*r**2 - 10*r - 5. Let h be g(8). Calculate the greatest common factor of 19 and h.
19
Let u(p) be the first derivative of -3*p**2 - 7*p + 1. Let y be u(5). Let j = -19 - y. Calculate the greatest common factor of j and 6.
6
Let s be 26 + -2 + -2 + -1. Calculate the highest common factor of 168 and s.
21
Suppose 0 = 6*h - h + 20. Let z = 3 + h. Let k = 0 - z. What is the greatest common factor of k and 9?
1
Suppose -3*g = -3*s + 9, g + 1 = 4*g - s. Suppose g*u + 9 - 1 = 0. Let a = u - -13. What is the greatest common divisor of 3 and a?
3
Let h be 160/6*9/6. Suppose h + 8 = i. What is the highest common factor of 12 and i?
12
Let h(d) = -d**3 - 6*d**2 - 2*d + 5. Let p be h(-5). Let f = 11 + p. Let a = -6 - -17. What is the highest